**2 - 4*g - 4. Let p be v(-2). Suppose -184 = -p*k - 16. What are the prime factors of k?
2, 3, 7
List the prime factors of 3278 + -13 + -13 + 15.
3, 11
Let x = 76 + -4. Let p be 1/(3/(x/2)). Suppose -3*v = -v - p. List the prime factors of v.
2, 3
Let n(v) = -v**2 - v + 2. Let k be n(-3). Let s be (-264)/9 + k/6. List the prime factors of s/((-1)/(-2)*-4).
3, 5
Suppose -5*r - 16 + 59 = 3*b, 2*b + r = 31. Suppose 0 = -j + s + s - b, -5*s - 37 = 3*j. Let x = j - -19. What are the prime factors of x?
5
Suppose 7*p + 320 = 5*p. Let z be (-18)/(-4)*p/(-24). Suppose 6*o + z = 8*o. List the prime factors of o.
3, 5
Let z be ((-1884)/24)/((-1)/2). Let u = z - 32. What are the prime factors of u?
5
Let x(d) = 3*d**3 - 7*d**2 + d - 2. List the prime factors of x(6).
2, 5
Let i(u) = -296*u**3 - 5*u**2 - 2*u + 5. List the prime factors of i(-2).
2357
Suppose 0 = 5*k - 7 - 18. Suppose k*f - 16 - 479 = 0. List the prime factors of f.
3, 11
Let d = 803 + -533. Suppose 838 = 4*g - g - 2*w, 0 = g - 3*w - d. What are the prime factors of g?
2, 3, 47
Let t be (75/(-12) - 0)*-4. Let p(v) = -v - 1. Let k be p(-6). Suppose -10 - t = -k*o. What are the prime factors of o?
7
Let u(k) = 3*k**3 - 20*k**2 + 3*k - 8. List the prime factors of u(9).
2, 293
Suppose i - 412 = -a, -816 = -4*a + 2*i + 802. What are the prime factors of a?
11, 37
Suppose 20 = 3*i - 4*i + 5*f, 2*i = -3*f + 12. Suppose -4*o - 26 = 2*m - i*m, m + 8 = 3*o. Let p = -7 - m. What are the prime factors of p?
2
Let c = 3522 + -2323. What are the prime factors of c?
11, 109
Let g be 6975/20 + ((-6)/8 - 0). Let z = g - 242. List the prime factors of z.
2, 53
Suppose 0 = 10*n - 3*n - 2870. Suppose 16*w - n = 11*w. List the prime factors of w.
2, 41
Let x(w) = -5*w - 4. Let y(v) = v + 16. Let z be y(-10). Suppose -2 = -o - z. List the prime factors of x(o).
2
Suppose -5*f + 3*n + 17633 = -4691, f - 4464 = n. List the prime factors of f.
2, 7, 11, 29
Let r(n) = -192*n + 52. List the prime factors of r(-5).
2, 11, 23
Suppose 34*s - 31*s - 1956 = 0. What are the prime factors of s?
2, 163
Let x(a) = -a**3 - 9*a**2 + 12*a + 24. Let o be x(-10). Suppose 2*p - 4*p + 50 = -4*v, -o*p + 148 = 4*v. List the prime factors of p.
3, 11
What are the prime factors of 39/208*-8*1*-1922?
3, 31
Let p(k) be the third derivative of -2*k**2 + 0 + 1/30*k**5 + 0*k**4 + 0*k - k**3. List the prime factors of p(-5).
2, 11
Let w(d) = 3*d - 15. Suppose -3 = -3*u, h + 3*u = -u + 10. What are the prime factors of w(h)?
3
Suppose 4*u - 4180 = -5*f, -3*u - 2*f + 73 = -3069. What are the prime factors of u?
2, 3, 5, 7
Let s be 5/(-4)*(-24)/15. Suppose 15 = c - 3*p, 0*c + 3*c - 3*p = 15. Suppose -4*k + c*t + 196 = -4*t, -s*t = k - 49. What are the prime factors of k?
7
Suppose p = -5 + 2. What are the prime factors of 448/4 + 0 - p?
5, 23
Suppose 4 = -4*c - 0. List the prime factors of 23*6 + 1 - (c + 2).
2, 3, 23
Let c(d) be the third derivative of -d**6/120 - d**5/15 + d**4/6 + 5*d**3/2 + d**2. What are the prime factors of c(-6)?
3, 7
Suppose -5*f - 6*f = -4565. List the prime factors of f.
5, 83
Let o = -12 + 23. Suppose -t + 4 = -o. Suppose -2*y + t = z, -6*z + 25 = -3*z + 2*y. List the prime factors of z.
5
Suppose 7*j - 1394 - 5592 = 0. List the prime factors of j.
2, 499
Let v be (-35)/(-28) + 3/4. Suppose -2*z - v*d = -5*z - 10, 5 = d. Suppose z = -8*o + 5*o + 243. What are the prime factors of o?
3
Let h be 3/((2/4)/(10/20)). Suppose 2*q + 70 = h*r, q + 95 = 4*r - 0*q. List the prime factors of r.
2, 3
Let h(p) = p**2 - 3*p. Let a = -19 - -23. Suppose -g - 5*b = 9, -4*g = -a*b + b - 33. List the prime factors of h(g).
2, 3
Let v = -1456 - -2993. What are the prime factors of v?
29, 53
Suppose -234 = -3*r - p + 147, 134 = r - 2*p. Suppose r - 538 = -5*b. List the prime factors of b.
2, 41
Let o = 89 + -89. Suppose 2*r + r - 159 = o. List the prime factors of r.
53
Let v(q) = -q**2 - 49*q + 90. What are the prime factors of v(-47)?
2, 23
What are the prime factors of (44952/15)/8 + 4/10?
3, 5
Let d be (-27)/9 + (-1)/((-2)/6). Suppose d = 4*j - 5*j - 4, -5*v - 3*j + 28 = 0. What are the prime factors of v?
2
Let c be 9/(-27) - (-10)/3. Suppose -c*l + 4 = 1. Suppose 4*o = 2*x + 6, 2 + l = o. What are the prime factors of x?
3
Suppose 206548 + 240896 = 108*x. What are the prime factors of x?
3, 1381
Let b = -380 + 1466. What are the prime factors of b?
2, 3, 181
Let h = 1324 + -689. List the prime factors of h.
5, 127
Let t(k) = 45*k + 37. What are the prime factors of t(12)?
577
What are the prime factors of 27405/70 + (-2)/4?
17, 23
List the prime factors of (-2)/10 + (-9 - (-17796)/30).
2, 73
Suppose 0 = 6*q + 70 - 2146. What are the prime factors of q?
2, 173
Let w = 2482 + -1987. List the prime factors of w.
3, 5, 11
Suppose -4*r + 10061 = 3*t, -2504 = -r - 8*t + 11*t. List the prime factors of r.
7, 359
Let r be (-50)/4*28/(-5). Suppose 11*k - 268 = -191. Let o = r - k. List the prime factors of o.
3, 7
Suppose -182*p + 187*p = -3*g + 15672, -3 = 3*g. What are the prime factors of p?
3, 5, 11, 19
Let b be 2/(1*8/(-20)). Let t = b - -21. Suppose 5*m = 3*v + 78, 0 = -4*m + 3*m + v + t. List the prime factors of m.
3, 5
Let l(k) = 1275*k**3 - 7*k**2 + 7*k - 1. List the prime factors of l(1).
2, 7, 13
Suppose 4*c - 23 = -7. Suppose -2*b = -2*x + 6, -2*x - 3*b = -6*b - 9. Suppose -c*q - q + 145 = x. What are the prime factors of q?
29
Let u(v) = -5*v - 60. Let p be u(-6). List the prime factors of (p/(-9))/(1 - 38/39).
2, 5, 13
Suppose 0 = 2*u - 5*f - 7, -3*u + 2*f = 4*f - 1. List the prime factors of 0 + 1 - (-100)/(2 - u).
101
Let v(z) = -z + 0*z - 11*z**3 - 6*z**3 - 3*z**3. List the prime factors of v(-1).
3, 7
Suppose 0 = -4*u - 5*m + 3, 0 = -4*u - m - 2 + 9. Suppose 2*n - 12 = -2*j, 3*j = -j + u*n. List the prime factors of (5/(5/6))/j.
3
Suppose 0 = -3*z + 5*z - 76. Let s = -26 + z. List the prime factors of s.
2, 3
Let d(s) = 30*s - 13. Let k be d(6). Suppose 2*z - 3*z = -3*c - k, -z + 5*c = -157. What are the prime factors of z?
2, 7, 13
Let o(u) = 3*u - 3. Let j be o(-3). Let c = j + 43. Suppose -97 = -5*k - 4*g, -2*k + 0*k + g = -c. What are the prime factors of k?
17
Suppose -2*t = 3*t - 430. Suppose -24 = -2*f + t. List the prime factors of f.
5, 11
Let g be 3833*(-10)/(-15) - (-6)/9. List the prime factors of ((-3)/(-2))/(7695/g - 3).
2, 71
What are the prime factors of (-7407)/(-2)*124/186?
3, 823
Let a = -27 + 39. Let m be (9/4)/(12/224). Suppose -a = -c + m. What are the prime factors of c?
2, 3
Suppose 14*c = 11*c + 1278. Let d = c - 236. What are the prime factors of d?
2, 5, 19
Suppose -266*r = -269*r + 5934. List the prime factors of r.
2, 23, 43
Suppose -3*u + 9*u = 0. Suppose a + 4*a - 255 = u. List the prime factors of a.
3, 17
Let x = 577 - -605. List the prime factors of x.
2, 3, 197
Let m(r) = 26*r - 14. Let j be (3/(-2))/((-20)/40). List the prime factors of m(j).
2
What are the prime factors of 12/(-4) - -8 - -1553?
2, 19, 41
Let u(t) = t**2 - 8*t + 9. Let b be u(7). What are the prime factors of b/(1*2/16)?
2
Suppose 2*u = -t + 1, 2*u + 3*t = t - 4. List the prime factors of 2 + 0 + 267/u + 2.
3, 31
Suppose 17*j = -32 - 53. Let s(r) = 3*r**2 - 10*r - 51. What are the prime factors of s(j)?
2, 37
Let b(k) = k**3 + 25*k**2 + 45*k + 151. List the prime factors of b(-17).
2, 3, 283
Suppose -3*f - 3248 = -4*b, 3*b = b + 3*f + 1630. What are the prime factors of b?
809
Let b(y) = y**3 - 10*y**2 + 8*y + 9. Let i be b(9). Suppose -2*j + 106 = -i*j. Suppose x + 2*x = 5*w + j, 4*x - 3*w - 78 = 0. What are the prime factors of x?
3, 7
Suppose -4*q + 20 = 0, -4*x + 2*q = -3*q + 353. Suppose -4*v + 3 = -v, -3*v = 3*r + 153. Let o = r - x. What are the prime factors of o?
2, 3, 5
Let o(l) = -l**3 + 8*l**2 - l - 2. Let p be o(7). Suppose -880 = 8*c - 816. Let v = c + p. List the prime factors of v.
2
Suppose -12 = -3*m, 4*m + m - 14 = -u. Let t be ((-8)/u)/(2/99). What are the prime factors of t + (0 + -2 - -2)?
2, 3, 11
Let u be -2 - (180/(-6))/((-2)/(-17)). Let w = u + -152. What are the prime factors of w?
101
Let d = 276 - 265. What are the prime factors of d?
11
Suppose -232*z + 227*z + 2565 = 0. List the prime factors of z.
3, 19
Let w(x) = -7*x**2 + 27*x - 19. Let j(a) = -3*a**2 + 13*a - 9. Let y(s) = 5*j(s